se 5*y + 2*s - 122 = 1558, 0 = -2*y + 2*s + 658. What is the units digit of y?
4
Suppose 3*m + 3*b - 42 = 0, -4*b - 8 = -2*m - b. Suppose 0 = -m*z + 7*z + 237. What is the units digit of z?
9
Let l(k) be the second derivative of 2*k**3 - 57*k**2/2 - 2*k. What is the units digit of l(13)?
9
Suppose 691*x = 697*x - 9336. What is the hundreds digit of x?
5
What is the tens digit of (-25)/(2*6/(-168))?
5
Suppose 15 = 2*u - d, -u + 5*d - 2 = -32. Suppose -2*i - 4*p + 5 = 103, -u*p + 84 = -i. Let b = -37 - i. What is the tens digit of b?
2
Let i = -14 + 1150. What is the units digit of i?
6
Let q(a) = 2*a**2 + 9*a - 65. What is the hundreds digit of q(-19)?
4
Let x be 1 - (0 + (4 - 3)). Suppose 3*v = v - 4, x = -s + 4*v + 12. Let m(u) = 10*u - 4. What is the tens digit of m(s)?
3
Let t(x) = x**2 + x + 2. Let d be t(6). Let i = -23 + d. What is the units digit of i?
1
Let h be (0 + 6)/((-36)/24). What is the hundreds digit of 20/h + 2 - -111?
1
Let a be (-1)/(3/(12*-4)). Let x = 10 - a. Let o = x - -20. What is the tens digit of o?
1
Suppose -3 = -5*l + 4*l. Let d(g) = -65*g**2 + 14 + 116*g**2 + 9*g - g**l - 56*g**2. What is the units digit of d(-7)?
9
Let m(f) = 135*f - 281. What is the hundreds digit of m(18)?
1
Suppose -3*q - 16 = 5*t, -5*q - 10 - 4 = 2*t. What is the tens digit of -142*(-5 + (2 - t))?
4
Let v = -430 + 2540. What is the tens digit of v?
1
Let a = -2469 + 4433. What is the tens digit of a?
6
What is the thousands digit of 173/(1/(28/4))?
1
What is the hundreds digit of ((-5536)/(-28) - 14/(-49)) + 1?
1
Let c(n) = 2*n**2 - 20*n + 204. What is the tens digit of c(27)?
2
Let w be 1/((-39)/(-8) - 5). Let f = w - -26. What is the tens digit of f?
1
Let w(y) = 40*y + 4. Let i be w(5). Let r = -84 + i. What is the hundreds digit of r?
1
Suppose -2*v + 50 = -3*a - 2*a, 5*v - 9 = -2*a. Let t(j) = -j**3 - 8*j**2 - j + 7. Let k be t(a). What is the units digit of (6/(-10))/(-1)*k?
9
Let r = -16 + 8. Let p be (-9 - -17)*(-2)/r. What is the tens digit of 3/(p - 140/72)?
5
Suppose 2*i - 686 = 858. What is the hundreds digit of i?
7
What is the tens digit of (0 + -3 - 0) + (14 - -3066)?
7
Let o be 19/4 + 24/(-32). Suppose 0 = -9*n + o*n - 5*j + 170, -3*n - 2*j = -102. What is the units digit of n?
4
Let x = 8 + 83. What is the units digit of x?
1
Let r = -4 + 6. Suppose 0 = -r*y + 3*o + 202, -4*o + 16 = -0. What is the units digit of y?
7
Suppose 0 = 2*z - 2*k - 146, 141 = 2*z + 3*k - 4*k. What is the units digit of z?
8
Let o(w) = -5*w - 4. Let d be o(-2). Suppose 16 + 8 = -d*r. What is the units digit of r*2*(-3 - -2)?
8
Let x(k) = k**3 + 16*k**2 + 14*k + 19. Let j be x(-13). Suppose -3*q + j = 116. What is the tens digit of q?
7
Suppose 0 = 2*k + 7 - 1. What is the tens digit of 61/k*3/(-1)?
6
What is the units digit of (4/6)/((-4 + -5)/(-6750))?
0
Suppose 4*i + 21 + 11 = 0. Let o(f) = -f**3 - 7*f**2 + 10. Let c be o(-7). Let m = c - i. What is the units digit of m?
8
Suppose -2*s = 2*j - 16, -j + 4*s - 2 = -10. Suppose -j*v + 34 + 110 = 0. Let b = v + -7. What is the tens digit of b?
1
Let r = 1856 - 116. What is the units digit of r?
0
Suppose -6*f - 4 = 20. What is the hundreds digit of 235/(((-26)/39)/(f/6))?
2
Let t be (625/2)/1*(-48)/(-30). Suppose -3*a = -2*m + t, 0 = 2*m - 4*m + 4*a + 504. What is the units digit of m?
4
What is the thousands digit of 66/(-12*8/(-1888))?
1
Suppose 5*z = -2*d + 7, 2*z = -3*z + 25. Let a = 11 + d. Suppose -a*j - 4*n = -40, -29 = -j + 3*n + 11. What is the tens digit of j?
2
Let i(f) be the second derivative of -11*f**5/20 - f**4/12 + f**3/6 + f**2/2 + 4*f. Let n be i(-1). Let b = n + -8. What is the units digit of b?
2
Suppose 2*p + 3*i - 376 = 0, -p - 5*i = -2*p + 175. What is the tens digit of p?
8
Let h = -502 - -1362. What is the tens digit of h?
6
Let b = -120 - -243. What is the units digit of ((-32)/10)/(b/25 + -5)?
0
Suppose 5*g = 4*f + 208, -f - 2 - 50 = 5*g. What is the tens digit of f/(-12)*(8 + -2)?
2
Suppose -136 = 3*u - 7. Let d = -7 - u. What is the tens digit of d?
3
Suppose -j + 28 = 4*o + 87, -o - 5*j = 10. What is the units digit of (-2349)/(-15) - 6/o?
7
Let a be (5 + 1)*(-32)/(-48). Suppose o = 2*p - 225, -a*p = -o - 466 + 11. What is the units digit of p?
5
Suppose -5*g - 39 + 4 = 0. Let w(n) = -37*n + 28. What is the hundreds digit of w(g)?
2
Let a be (-20 + 10)*(-2)/4. Suppose -5*z = -2*i - 14, -z = 2*i - a*z + 10. What is the units digit of 17 - (9/(-3) + i)?
7
Suppose 872 = 1862*q - 1860*q. What is the hundreds digit of q?
4
Suppose 3*v - 4 = 5. Let b = v - 0. Let z(g) = g**2 + 3*g. What is the tens digit of z(b)?
1
What is the units digit of (8/10)/(20/5200)?
8
Let k = 47 + -43. Suppose 0 = 5*y + k*c - 425, 2*c + 149 = 4*y - 217. What is the units digit of y?
9
Let o be 3/(160/158 + -1). Suppose -d = -o + 32. What is the tens digit of d?
0
Let k(f) = 2*f - 18. Let a(o) = o + 1. Let g(x) = 3*a(x) + k(x). Let c(v) = v**3 - 7*v**2 + 7*v + 1. Let m be c(6). What is the units digit of g(m)?
0
Let g be (21 + -19)*4*1. Suppose d - 98 = -g. What is the tens digit of d?
9
Let y(h) = -h**2 + 8*h - 4. Let i be y(7). Suppose 0*c - 57 = -i*o + 3*c, 2*o + 2*c - 58 = 0. What is the units digit of o?
4
Let v(o) = 4 - 2 - 2*o + 0. Let l be v(2). What is the units digit of 58*l*(-2)/8?
9
Suppose 2 = -n + 5. Suppose 5*d + 8 = -4*w + 22, 5*w - 1 = 2*d. Suppose n*q + d*q - 5 = 0. What is the units digit of q?
1
Suppose -h + 4*n + 473 = 0, h + 300 = -5*n + 818. What is the hundreds digit of h?
4
Suppose -40*i = -43*i + 405. What is the tens digit of i?
3
Let a(r) = 54*r + 1. Let w be a(1). Let x = w + 32. Suppose -3*t - 75 = -3*u, 4*u - 14 = 5*t + x. What is the tens digit of u?
2
Suppose 1765 = -b + 3416. What is the units digit of b?
1
Let c(h) = -h**2 - 12*h - 32. Let n be c(-7). Suppose -34 = -2*o + 4*a + 8, -n*a = -3. What is the tens digit of o?
2
Let d(h) be the second derivative of 11*h**4/12 + h**3/2 + h**2 + 12*h. What is the units digit of d(-2)?
0
Let q = 97 + 259. What is the units digit of q?
6
Let l be (180 - 21)/(1/1). Suppose -l = -4*j + 57. Let x = 92 - j. What is the tens digit of x?
3
Suppose -3*l = 5*m - 9, 3*m - 16 = m + 5*l. Suppose 2*k + 2*k = -m*b + 209, -3*b = -5*k + 241. What is the tens digit of k?
5
Suppose 3*a - 198 = -2*h + 483, -4*a + 343 = h. What is the hundreds digit of h?
3
Let k = -49 - -93. Suppose 4*w + 0*w = h - k, 4*w = 4. What is the tens digit of h?
4
Suppose 0 = 5*h - 4*h. Suppose h = -4*k + 25 - 1. What is the units digit of k?
6
Let i(s) = -18*s + 1. Let t be i(2). Let h = t - -42. Suppose 2*r - h*r + 290 = 0. What is the tens digit of r?
5
Suppose -2*w + 24 = 4*u + 4, 50 = 5*w + 4*u. What is the tens digit of 192/w - (-2)/(-10)?
1
Let g(f) be the first derivative of -f**4/4 + 2*f**3 - 9*f**2/2 + 9*f + 1. Let x be g(5). Let d = x - -12. What is the units digit of d?
1
Suppose 15*s - 65 = 70. What is the units digit of s?
9
Suppose 44 - 32 = -6*p. Let j(i) = 29*i**2 - 4*i - 3. What is the tens digit of j(p)?
2
Suppose -430 = -9*t + 4*t. Let h be (-3)/(-5) + (-120)/(-50). What is the units digit of (t + 1)/h + 3?
2
Let a = 27 - 9. Suppose 2*m - 70 = a. What is the units digit of m?
4
Let u(a) = -a**3 + 16*a**2 + 15*a - 2. What is the tens digit of u(8)?
3
Let k = 2 + -3. Let b = -130 - -85. Let h = k - b. What is the units digit of h?
4
Let x(z) = -65*z**3 - 3*z**2 - 3*z - 1. Let r be (-10)/15*(-6)/(-4). What is the units digit of x(r)?
4
Let i(r) = r + 2. Let j be i(1). Suppose 0 = n + n - j*w + 15, -3*n = w - 5. Suppose -5*a + 12 + 193 = n. What is the tens digit of a?
4
Let x be 12/5 + (8/5)/(-4). Let f(y) = 2*y. Let c be f(1). What is the units digit of 33 + x - (c + 1)?
2
Let m(a) = 13*a + 8. Let d(p) = p - 1. Let c(u) = 2*d(u) - m(u). What is the tens digit of c(-7)?
6
Let q be ((-2)/4)/(5/80). Let n be (-2)/((q/(-3))/4). What is the tens digit of (14/5)/(n/(-15))?
1
Let c(m) = -20*m**2 - 3*m + 4. Let p be c(2). Let j = 127 - p. What is the tens digit of j?
0
Let t(n) = -3*n + 0*n - 4*n + 4 + 0*n. Let w be t(-2). Suppose -5*g - 3 + w = 0. What is the units digit of g?
3
Let t = -1646 + 2753. What is the hundreds digit of t?
1
Let a = -1644 - -2680. What is the tens digit of a?
3
Suppose 0 = -5*w + 17 + 3. Suppose y = w - 1. Suppose 7 = h - y. Wh